{"id":3683,"date":"2021-03-25T17:44:23","date_gmt":"2021-03-25T17:44:23","guid":{"rendered":"https:\/\/www.ismm.edu.cu\/?page_id=3683"},"modified":"2024-11-11T19:00:40","modified_gmt":"2024-11-11T19:00:40","slug":"programas-doctorales","status":"publish","type":"page","link":"https:\/\/www.ismm.edu.cu\/index.php\/programas-doctorales\/","title":{"rendered":"Programas Doctorales"},"content":{"rendered":"<p>[et_pb_section fb_built=\u00bb1&#8243; custom_padding_last_edited=\u00bbon|desktop\u00bb admin_label=\u00bbHeader\u00bb _builder_version=\u00bb4.16&#8243; background_image=\u00bbhttps:\/\/www.ismm.edu.cu\/wp-content\/uploads\/2022\/05\/0.jpg\u00bb background_enable_video_mp4=\u00bboff\u00bb custom_padding=\u00bb10vh|0|16vh||false|false\u00bb custom_padding_tablet=\u00bb10vh||10vh||false\u00bb custom_padding_phone=\u00bb5vh||5vh||false\u00bb top_divider_style=\u00bbwave2&#8243; top_divider_color=\u00bbrgba(12,113,195,0.11)\u00bb top_divider_height=\u00bb100%\u00bb top_divider_flip=\u00bbhorizontal\u00bb bottom_divider_style=\u00bbcurve\u00bb bottom_divider_color=\u00bb#ffffff\u00bb bottom_divider_height=\u00bb3vw\u00bb bottom_divider_flip=\u00bbvertical\u00bb global_colors_info=\u00bb{}\u00bb][et_pb_row _builder_version=\u00bb4.16&#8243; custom_margin=\u00bb|auto|48px|auto||\u00bb custom_padding=\u00bb112px|||||\u00bb global_colors_info=\u00bb{}\u00bb][et_pb_column type=\u00bb4_4&#8243; _builder_version=\u00bb4.16&#8243; custom_padding=\u00bb|||\u00bb global_colors_info=\u00bb{}\u00bb custom_padding__hover=\u00bb|||\u00bb][et_pb_text _builder_version=\u00bb4.16&#8243; text_font=\u00bb||||||||\u00bb ul_font=\u00bb||||||||\u00bb ol_font=\u00bb||||||||\u00bb header_font=\u00bb||||||||\u00bb header_text_color=\u00bb#000000&#8243; header_font_size=\u00bb67px\u00bb header_letter_spacing=\u00bb1px\u00bb header_line_height=\u00bb1.2em\u00bb header_2_font=\u00bbVollkorn||||||||\u00bb header_2_font_size=\u00bb44px\u00bb header_2_letter_spacing=\u00bb1px\u00bb header_2_line_height=\u00bb1.4em\u00bb header_3_font=\u00bb||||||||\u00bb header_4_font=\u00bb||||||||\u00bb header_5_font=\u00bb||||||||\u00bb header_6_font=\u00bb||||||||\u00bb background_layout=\u00bbdark\u00bb max_width=\u00bb800px\u00bb module_alignment=\u00bbleft\u00bb custom_margin=\u00bb-21px||20px|||\u00bb custom_padding=\u00bb0px|||||\u00bb animation_style=\u00bbslide\u00bb animation_direction=\u00bbleft\u00bb animation_intensity_slide=\u00bb2%\u00bb header_font_size_tablet=\u00bb35px\u00bb header_font_size_phone=\u00bb30px\u00bb header_font_size_last_edited=\u00bbon|desktop\u00bb header_2_font_size_tablet=\u00bb35px\u00bb header_2_font_size_phone=\u00bb30px\u00bb header_2_font_size_last_edited=\u00bbon|desktop\u00bb global_colors_info=\u00bb{}\u00bb]<\/p>\n<h1><strong><span style=\"color: #ffffff;\">Doctorados<br \/><\/span><\/strong><\/h1>\n<h2><\/h2>\n<p>[\/et_pb_text][\/et_pb_column][\/et_pb_row][\/et_pb_section][et_pb_section fb_built=\u00bb1&#8243; admin_label=\u00bbFeatures\u00bb _builder_version=\u00bb4.16&#8243; custom_padding=\u00bb30px|||||\u00bb global_colors_info=\u00bb{}\u00bb][et_pb_row column_structure=\u00bb1_4,1_4,1_4,1_4&#8243; use_custom_gutter=\u00bbon\u00bb gutter_width=\u00bb2&#8243; custom_padding_last_edited=\u00bbon|desktop\u00bb _builder_version=\u00bb4.16&#8243; max_width=\u00bbnone\u00bb custom_margin=\u00bb|31px|||false|false\u00bb custom_padding=\u00bb|||0vw|false|false\u00bb custom_padding_tablet=\u00bb|||0px|false|false\u00bb custom_padding_phone=\u00bb\u00bb global_colors_info=\u00bb{}\u00bb][et_pb_column type=\u00bb1_4&#8243; _builder_version=\u00bb4.16&#8243; global_colors_info=\u00bb{}\u00bb][et_pb_blurb title=\u00bbDoctorado en Minas\u00bb url=\u00bbhttps:\/\/www.ismm.edu.cu\/index.php\/programa-doctoral-de-mineria\/\u00bb url_new_window=\u00bbon\u00bb image=\u00bbhttps:\/\/www.ismm.edu.cu\/wp-content\/uploads\/2023\/07\/Doctorado-2.1.jpg\u00bb _builder_version=\u00bb4.16&#8243; header_font=\u00bb|700|||||||\u00bb header_line_height=\u00bb1.5em\u00bb transform_translate_linked__hover=\u00bboff\u00bb text_orientation=\u00bbcenter\u00bb custom_margin=\u00bb||0px|||\u00bb custom_padding=\u00bb8px||24px|||\u00bb animation=\u00bboff\u00bb link_option_url=\u00bb#\u00bb header_font_size_tablet=\u00bb16px\u00bb header_font_size_phone=\u00bb14px\u00bb header_font_size_last_edited=\u00bbon|phone\u00bb border_radii_image=\u00bbon|20px|20px|20px|20px\u00bb locked=\u00bboff\u00bb global_colors_info=\u00bb{}\u00bb custom_margin__hover_enabled=\u00bboff\u00bb custom_margin__hover=\u00bb||||false|false\u00bb transform_styles__hover_enabled=\u00bbon\u00bb transform_scale__hover_enabled=\u00bbon\u00bb transform_translate__hover_enabled=\u00bbon\u00bb transform_rotate__hover_enabled=\u00bbon\u00bb transform_skew__hover_enabled=\u00bbon\u00bb transform_origin__hover_enabled=\u00bbon\u00bb transform_translate__hover=\u00bb0px|-10px\u00bb][\/et_pb_blurb][et_pb_accordion _builder_version=\u00bb4.16&#8243; _module_preset=\u00bbdefault\u00bb width=\u00bb100%\u00bb global_colors_info=\u00bb{}\u00bb][et_pb_accordion_item open=\u00bbon\u00bb _builder_version=\u00bb4.16&#8243; _module_preset=\u00bbdefault\u00bb global_colors_info=\u00bb{}\u00bb]<\/p>\n<p><b>Coordinador: Dr. C. <\/b><b>Roberto Lincoln Watson Quesada <\/b><\/p>\n<p><b><strong>Email: <\/strong><\/b><span style=\"color: #0000ff;\">rwatson@ismm.edu.cu<\/span><\/p>\n<p><b>\u00a0<\/b>La Ingenier\u00eda de Minas se caracteriza por la integraci\u00f3n de conocimientos que abarcan desde la geolog\u00eda, los materiales, la mec\u00e1nica, la electricidad, la construcci\u00f3n, la explotaci\u00f3n de yacimientos, la econom\u00eda, la direcci\u00f3n, hasta la obtenci\u00f3n de concentrados de minerales,\u00a0 y como producto del desarrollo cient\u00edfico t\u00e9cnico, actualmente se enfrenta a la necesidad de perfeccionar los esquemas tecnol\u00f3gicos para hacerlos m\u00e1s eficientes tecnol\u00f3gica, energ\u00e9tica y ecol\u00f3gicamente.<\/p>\n<p>l\u00edneas de investigaci\u00f3n<\/p>\n<ul>\n<li>Geomec\u00e1nica<\/li>\n<li>Procesos y tecnolog\u00eda de explotaci\u00f3n de los yacimientos minerales<\/li>\n<\/ul>\n<ul>\n<li>Construcci\u00f3n Subterr\u00e1nea<\/li>\n<li>Impacto Ambiental y Rehabilitaci\u00f3n de \u00e1rea afectadas por la actividad minera<\/li>\n<\/ul>\n<ul>\n<li>Sustentabilidad minera<\/li>\n<\/ul>\n<p>&nbsp;<\/p>\n<p>&nbsp;<\/p>\n<p>[\/et_pb_accordion_item][et_pb_accordion_item title=\u00bbSu t\u00edtulo va aqu\u00ed\u00bb _builder_version=\u00bb4.16&#8243; _module_preset=\u00bbdefault\u00bb global_colors_info=\u00bb{}\u00bb open=\u00bboff\u00bb]<\/p>\n<p>Your content goes here. Edit or remove this text inline or in the module Content settings. You can also style every aspect of this content in the module Design settings and even apply custom CSS to this text in the module Advanced settings.<\/p>\n<p>[\/et_pb_accordion_item][\/et_pb_accordion][\/et_pb_column][et_pb_column type=\u00bb1_4&#8243; _builder_version=\u00bb4.16&#8243; global_colors_info=\u00bb{}\u00bb][et_pb_blurb title=\u00bbDoctorado de Metalurgia\u00bb url=\u00bbhttps:\/\/www.ismm.edu.cu\/?page_id=3948&#8243; url_new_window=\u00bbon\u00bb image=\u00bbhttps:\/\/www.ismm.edu.cu\/wp-content\/uploads\/2023\/07\/Doctorado-metalurgia-.3-copia-2-4.jpg\u00bb _builder_version=\u00bb4.16&#8243; header_font=\u00bb|700|||||||\u00bb header_line_height=\u00bb1.5em\u00bb transform_translate_linked__hover=\u00bboff\u00bb text_orientation=\u00bbcenter\u00bb custom_padding=\u00bb||4px|||\u00bb animation=\u00bboff\u00bb link_option_url=\u00bb#\u00bb link_option_url_new_window=\u00bbon\u00bb header_font_size_tablet=\u00bb16px\u00bb header_font_size_phone=\u00bb14px\u00bb header_font_size_last_edited=\u00bbon|phone\u00bb border_radii_image=\u00bbon|20px|20px|20px|20px\u00bb locked=\u00bboff\u00bb global_colors_info=\u00bb{}\u00bb custom_margin__hover_enabled=\u00bboff\u00bb custom_margin__hover=\u00bb||||false|false\u00bb transform_styles__hover_enabled=\u00bbon\u00bb transform_scale__hover_enabled=\u00bbon\u00bb transform_translate__hover_enabled=\u00bbon\u00bb transform_rotate__hover_enabled=\u00bbon\u00bb transform_skew__hover_enabled=\u00bbon\u00bb transform_origin__hover_enabled=\u00bbon\u00bb transform_translate__hover=\u00bb0px|-10px\u00bb][\/et_pb_blurb][et_pb_accordion _builder_version=\u00bb4.16&#8243; _module_preset=\u00bbdefault\u00bb global_colors_info=\u00bb{}\u00bb][et_pb_accordion_item open=\u00bbon\u00bb _builder_version=\u00bb4.16&#8243; _module_preset=\u00bbdefault\u00bb global_colors_info=\u00bb{}\u00bb]<\/p>\n<p><b>Coordinador: Dr. C. Jos\u00e9 Alberto Pons Herrera<br \/><\/b><\/p>\n<p><b><strong>Email: <\/strong><\/b><span style=\"color: #0000ff;\">jpons@ismm.edu.cu<\/span><\/p>\n<p>El programa proporcionar\u00e1 una base inter y multidisciplinaria que permitir\u00e1 a los aspirantes desarrollar conocimientos, h\u00e1bitos y habilidades, manteni\u00e9ndose en un proceso de aprendizaje continuo y obteniendo las ventajas competitivas para gestionar el cambio en el sector empresarial y social.<\/p>\n<p><b>Principales l\u00edneas de investigaci\u00f3n<\/b><\/p>\n<ul>\n<li>Aprovechamiento racional de las materias primas (minerales, pos-miner\u00eda y miner\u00eda urbana y de reciclaje) de la metalurgia y los materiales, y su caracterizaci\u00f3n para la obtenci\u00f3n de materiales met\u00e1licos y no met\u00e1licos.<\/li>\n<li>Incremento de la eficiencia tecnol\u00f3gica (energ\u00e9tica, econ\u00f3mica y metal\u00fargica) mediante el empleo de t\u00e9cnicas modernas, particularmente la modelaci\u00f3n y simulaci\u00f3n de procesos industriales, y otras t\u00e9cnicas disponibles en las ciencias metal\u00fargicas y de los materiales.<\/li>\n<\/ul>\n<p>&nbsp;<\/p>\n<p>&nbsp;<\/p>\n<p>[\/et_pb_accordion_item][et_pb_accordion_item _builder_version=\u00bb4.16&#8243; _module_preset=\u00bbdefault\u00bb global_colors_info=\u00bb{}\u00bb open=\u00bboff\u00bb]<\/p>\n<p><b>Coordinador: Dr. C. Jos\u00e9 Alberto Pons Herrera<br \/><\/b><\/p>\n<p><b>jpons@ismm.edu.cu <\/b><\/p>\n<p>El programa proporcionar\u00e1 una base inter y multidisciplinaria que permitir\u00e1 a los aspirantes desarrollar conocimientos, h\u00e1bitos y habilidades, manteni\u00e9ndose en un proceso de aprendizaje continuo y obteniendo las ventajas competitivas para gestionar el cambio en el sector empresarial y social.<\/p>\n<p><b>Principales l\u00edneas de investigaci\u00f3n:<\/b><\/p>\n<ul>\n<li>Aprovechamiento racional de las materias primas (minerales, pos-miner\u00eda y miner\u00eda urbana y de reciclaje) de la metalurgia y los materiales, y su caracterizaci\u00f3n para la obtenci\u00f3n de materiales met\u00e1licos y no met\u00e1licos.<\/li>\n<li>Incremento de la eficiencia tecnol\u00f3gica (energ\u00e9tica, econ\u00f3mica y metal\u00fargica) mediante el empleo de t\u00e9cnicas modernas, particularmente la modelaci\u00f3n y simulaci\u00f3n de procesos industriales, y otras t\u00e9cnicas disponibles en las ciencias metal\u00fargicas y de los materiales.<\/li>\n<\/ul>\n<p>&nbsp;<\/p>\n<p>&nbsp;<\/p>\n<p>[\/et_pb_accordion_item][\/et_pb_accordion][\/et_pb_column][et_pb_column type=\u00bb1_4&#8243; _builder_version=\u00bb4.16&#8243; global_colors_info=\u00bb{}\u00bb][et_pb_blurb title=\u00bbDoctorado de Geolog\u00eda\u00bb url=\u00bbhttps:\/\/www.ismm.edu.cu\/index.php\/programa-doctoral-de-geologia\/\u00bb url_new_window=\u00bbon\u00bb image=\u00bbhttps:\/\/www.ismm.edu.cu\/wp-content\/uploads\/2023\/07\/327571341_1374933189935681_6681102864174477779_n.jpg\u00bb _builder_version=\u00bb4.16&#8243; header_font=\u00bb|700|||||||\u00bb header_line_height=\u00bb1.5em\u00bb transform_translate_linked__hover=\u00bboff\u00bb text_orientation=\u00bbcenter\u00bb animation=\u00bboff\u00bb link_option_url=\u00bb#\u00bb header_font_size_tablet=\u00bb16px\u00bb header_font_size_phone=\u00bb14px\u00bb header_font_size_last_edited=\u00bbon|phone\u00bb border_radii_image=\u00bbon|20px|20px|20px|20px\u00bb global_colors_info=\u00bb{}\u00bb transform_styles__hover_enabled=\u00bbon\u00bb transform_scale__hover_enabled=\u00bbon\u00bb transform_translate__hover=\u00bb0px|-10px\u00bb transform_translate__hover_enabled=\u00bbon\u00bb transform_rotate__hover_enabled=\u00bbon\u00bb transform_skew__hover_enabled=\u00bbon\u00bb transform_origin__hover_enabled=\u00bbon\u00bb][\/et_pb_blurb][et_pb_accordion _builder_version=\u00bb4.16&#8243; _module_preset=\u00bbdefault\u00bb global_colors_info=\u00bb{}\u00bb][et_pb_accordion_item open=\u00bbon\u00bb _builder_version=\u00bb4.16&#8243; _module_preset=\u00bbdefault\u00bb global_colors_info=\u00bb{}\u00bb]<\/p>\n<p><b>Coordinador: Dr. C. Carlos Leyva Rodr\u00edguez <\/b><\/p>\n<p><b><strong>Email: <\/strong><\/b><span style=\"color: #0000ff;\">cleyva@ismm.edu.cu<\/span><\/p>\n<p>Las investigaciones que se desarrollan en el proceso de formaci\u00f3n doctoral de Geolog\u00eda se enmarcan en la pol\u00edtica cient\u00edfica trazada para esta especialidad y se articula con los proyectos de investigaci\u00f3n, que dan respuesta a las necesidades del pa\u00eds. Responden adem\u00e1s a la problem\u00e1tica cient\u00edfica de los pa\u00edses de donde puedan proceder los doctorantes, estas l\u00edneas son:<\/p>\n<ul>\n<li>Cartograf\u00eda y estudios geol\u00f3gicos regionales<\/li>\n<li>Geolog\u00eda, geoqu\u00edmica y mineralog\u00eda de los recursos minerales<\/li>\n<li>Prospecci\u00f3n, modelaci\u00f3n y evaluaci\u00f3n de los recursos minerales<\/li>\n<li>Caracterizaci\u00f3n, evaluaci\u00f3n y protecci\u00f3n de los recursos h\u00eddricos superficiales y subterr\u00e1neos<\/li>\n<li>Gesti\u00f3n de riesgos de origen geol\u00f3gico e hidrometeorol\u00f3gicos<\/li>\n<\/ul>\n<p>&nbsp;<\/p>\n<p>[\/et_pb_accordion_item][et_pb_accordion_item title=\u00bbSu t\u00edtulo va aqu\u00ed\u00bb _builder_version=\u00bb4.16&#8243; _module_preset=\u00bbdefault\u00bb global_colors_info=\u00bb{}\u00bb open=\u00bboff\u00bb]<\/p>\n<p>Your content goes here. Edit or remove this text inline or in the module Content settings. You can also style every aspect of this content in the module Design settings and even apply custom CSS to this text in the module Advanced settings.<\/p>\n<p>[\/et_pb_accordion_item][\/et_pb_accordion][et_pb_sidebar _builder_version=\u00bb4.16&#8243; _module_preset=\u00bbdefault\u00bb global_colors_info=\u00bb{}\u00bb][\/et_pb_sidebar][\/et_pb_column][et_pb_column type=\u00bb1_4&#8243; _builder_version=\u00bb4.16&#8243; global_colors_info=\u00bb{}\u00bb][et_pb_blurb title=\u00bbDoctorado de Electromec\u00e1nica\u00bb url=\u00bbhttps:\/\/www.ismm.edu.cu\/index.php\/programa-doctoral-de-electromecanica\/\u00bb url_new_window=\u00bbon\u00bb image=\u00bbhttps:\/\/www.ismm.edu.cu\/wp-content\/uploads\/2023\/07\/354659385_676099814532148_564920135667023979_n.jpg\u00bb _builder_version=\u00bb4.16&#8243; header_font=\u00bb|700|||||||\u00bb header_line_height=\u00bb1.5em\u00bb transform_translate_linked__hover=\u00bboff\u00bb text_orientation=\u00bbcenter\u00bb custom_margin=\u00bb|8px|||false|false\u00bb animation=\u00bboff\u00bb link_option_url=\u00bb#\u00bb header_font_size_tablet=\u00bb16px\u00bb header_font_size_phone=\u00bb14px\u00bb header_font_size_last_edited=\u00bbon|phone\u00bb border_radii_image=\u00bbon|20px|20px|20px|20px\u00bb locked=\u00bboff\u00bb global_colors_info=\u00bb{}\u00bb transform_styles__hover_enabled=\u00bbon\u00bb transform_scale__hover_enabled=\u00bbon\u00bb transform_translate__hover=\u00bb0px|-10px\u00bb transform_translate__hover_enabled=\u00bbon\u00bb transform_rotate__hover_enabled=\u00bbon\u00bb transform_skew__hover_enabled=\u00bbon\u00bb transform_origin__hover_enabled=\u00bbon\u00bb][\/et_pb_blurb][et_pb_accordion _builder_version=\u00bb4.27.0&#8243; _module_preset=\u00bbdefault\u00bb hover_enabled=\u00bb0&#8243; global_colors_info=\u00bb{}\u00bb sticky_enabled=\u00bb0&#8243;][et_pb_accordion_item open=\u00bbon\u00bb _builder_version=\u00bb4.27.0&#8243; _module_preset=\u00bbdefault\u00bb hover_enabled=\u00bb0&#8243; global_colors_info=\u00bb{}\u00bb sticky_enabled=\u00bb0&#8243;]<b>Coordinador: Dr. C. <\/b><strong>\u00c1ngel Oscar Columbi\u00e9 Navarro<\/strong><\/p>\n<p><b><strong>Email:<\/strong><\/b><span style=\"color: #0000ff;\">acolumbie@ismm.edu.cu<\/span><\/p>\n<p>El programa proporcionar\u00e1 una base multidisciplinaria que permitir\u00e1 a los aspirantes desarrollar conocimientos, h\u00e1bitos y habilidades manteni\u00e9ndose en un proceso de aprendizaje continuo, garantizando la adquisici\u00f3n de ventajas competitivas para gestionar el cambio en el sector empresarial y social.<\/p>\n<p><b>l\u00edneas<\/b> <b>de<\/b> <b>i<\/b><b>n<\/b><b>vestigaci\u00f3<\/b><b>n<\/b><\/p>\n<ul>\n<li>Eficiencia Energ\u00e9tica, fuentes renovables de energ\u00eda y protecci\u00f3n del medio ambiente en los sistemas electromec\u00e1nicos.<\/li>\n<li>Dise\u00f1o, explotaci\u00f3n, mantenimiento e ingenier\u00eda de materiales en sistemas electromec\u00e1nicos y de transporte.<\/li>\n<li>Accionamiento, control y fiabilidad en sistemas industriales y de servicios.<\/li>\n<\/ul>\n<p>&nbsp;[\/et_pb_accordion_item][et_pb_accordion_item title=\u00bbSu t\u00edtulo va aqu\u00ed\u00bb _builder_version=\u00bb4.16&#8243; _module_preset=\u00bbdefault\u00bb global_colors_info=\u00bb{}\u00bb open=\u00bboff\u00bb]<\/p>\n<p>Your content goes here. Edit or remove this text inline or in the module Content settings. You can also style every aspect of this content in the module Design settings and even apply custom CSS to this text in the module Advanced settings.<\/p>\n<p>[\/et_pb_accordion_item][\/et_pb_accordion][\/et_pb_column][\/et_pb_row][\/et_pb_section]<\/p>\n","protected":false},"excerpt":{"rendered":"<p>Doctorados Coordinador: Dr. C. Roberto Lincoln Watson Quesada Email: rwatson@ismm.edu.cu \u00a0La Ingenier\u00eda de Minas se caracteriza por la integraci\u00f3n de conocimientos que abarcan desde la geolog\u00eda, los materiales, la mec\u00e1nica, la electricidad, la construcci\u00f3n, la explotaci\u00f3n de yacimientos, la econom\u00eda, la direcci\u00f3n, hasta la obtenci\u00f3n de concentrados de minerales,\u00a0 y como producto del desarrollo cient\u00edfico [&hellip;]<\/p>\n","protected":false},"author":10,"featured_media":0,"parent":0,"menu_order":0,"comment_status":"closed","ping_status":"closed","template":"","meta":{"_et_pb_use_builder":"on","_et_pb_old_content":"","_et_gb_content_width":"","footnotes":""},"class_list":["post-3683","page","type-page","status-publish","hentry"],"_links":{"self":[{"href":"https:\/\/www.ismm.edu.cu\/index.php\/wp-json\/wp\/v2\/pages\/3683"}],"collection":[{"href":"https:\/\/www.ismm.edu.cu\/index.php\/wp-json\/wp\/v2\/pages"}],"about":[{"href":"https:\/\/www.ismm.edu.cu\/index.php\/wp-json\/wp\/v2\/types\/page"}],"author":[{"embeddable":true,"href":"https:\/\/www.ismm.edu.cu\/index.php\/wp-json\/wp\/v2\/users\/10"}],"replies":[{"embeddable":true,"href":"https:\/\/www.ismm.edu.cu\/index.php\/wp-json\/wp\/v2\/comments?post=3683"}],"version-history":[{"count":22,"href":"https:\/\/www.ismm.edu.cu\/index.php\/wp-json\/wp\/v2\/pages\/3683\/revisions"}],"predecessor-version":[{"id":8212,"href":"https:\/\/www.ismm.edu.cu\/index.php\/wp-json\/wp\/v2\/pages\/3683\/revisions\/8212"}],"wp:attachment":[{"href":"https:\/\/www.ismm.edu.cu\/index.php\/wp-json\/wp\/v2\/media?parent=3683"}],"curies":[{"name":"wp","href":"https:\/\/api.w.org\/{rel}","templated":true}]}}