{"id":3665,"date":"2021-04-01T15:38:08","date_gmt":"2021-04-01T15:38:08","guid":{"rendered":"https:\/\/www.ismm.edu.cu\/?page_id=3665"},"modified":"2024-11-11T18:45:26","modified_gmt":"2024-11-11T18:45:26","slug":"maestrias","status":"publish","type":"page","link":"https:\/\/www.ismm.edu.cu\/index.php\/maestrias\/","title":{"rendered":"Maestr\u00edas"},"content":{"rendered":"<p>[et_pb_section fb_built=\u00bb1&#8243; custom_padding_last_edited=\u00bbon|desktop\u00bb admin_label=\u00bbHeader\u00bb _builder_version=\u00bb4.16&#8243; background_image=\u00bbhttps:\/\/www.ismm.edu.cu\/wp-content\/uploads\/2022\/05\/0.jpg\u00bb background_enable_video_mp4=\u00bboff\u00bb custom_padding=\u00bb10vh|0|16vh||false|false\u00bb custom_padding_tablet=\u00bb10vh||10vh||false\u00bb custom_padding_phone=\u00bb5vh||5vh||false\u00bb top_divider_style=\u00bbwave2&#8243; top_divider_color=\u00bbrgba(12,113,195,0.11)\u00bb top_divider_height=\u00bb100%\u00bb top_divider_flip=\u00bbhorizontal\u00bb bottom_divider_style=\u00bbcurve\u00bb bottom_divider_color=\u00bb#ffffff\u00bb bottom_divider_height=\u00bb3vw\u00bb bottom_divider_flip=\u00bbvertical\u00bb global_colors_info=\u00bb{}\u00bb][et_pb_row _builder_version=\u00bb4.16&#8243; custom_margin=\u00bb|auto|48px|auto||\u00bb custom_padding=\u00bb112px|||||\u00bb global_colors_info=\u00bb{}\u00bb][et_pb_column type=\u00bb4_4&#8243; _builder_version=\u00bb4.16&#8243; custom_padding=\u00bb|||\u00bb global_colors_info=\u00bb{}\u00bb custom_padding__hover=\u00bb|||\u00bb][et_pb_text _builder_version=\u00bb4.16&#8243; text_font=\u00bb||||||||\u00bb ul_font=\u00bb||||||||\u00bb ol_font=\u00bb||||||||\u00bb header_font=\u00bb||||||||\u00bb header_text_color=\u00bb#000000&#8243; header_font_size=\u00bb67px\u00bb header_letter_spacing=\u00bb1px\u00bb header_line_height=\u00bb1.2em\u00bb header_2_font=\u00bbVollkorn||||||||\u00bb header_2_font_size=\u00bb44px\u00bb header_2_letter_spacing=\u00bb1px\u00bb header_2_line_height=\u00bb1.4em\u00bb header_3_font=\u00bb||||||||\u00bb header_4_font=\u00bb||||||||\u00bb header_5_font=\u00bb||||||||\u00bb header_6_font=\u00bb||||||||\u00bb background_layout=\u00bbdark\u00bb max_width=\u00bb800px\u00bb module_alignment=\u00bbleft\u00bb custom_margin=\u00bb-21px||20px|||\u00bb custom_padding=\u00bb0px|||||\u00bb animation_style=\u00bbslide\u00bb animation_direction=\u00bbleft\u00bb animation_intensity_slide=\u00bb2%\u00bb header_font_size_tablet=\u00bb35px\u00bb header_font_size_phone=\u00bb30px\u00bb header_font_size_last_edited=\u00bbon|desktop\u00bb header_2_font_size_tablet=\u00bb35px\u00bb header_2_font_size_phone=\u00bb30px\u00bb header_2_font_size_last_edited=\u00bbon|desktop\u00bb global_colors_info=\u00bb{}\u00bb]<\/p>\n<h1><strong><span style=\"color: #ffffff;\">Maestr\u00edas<br \/><\/span><\/strong><\/h1>\n<h2><\/h2>\n<p>[\/et_pb_text][\/et_pb_column][\/et_pb_row][\/et_pb_section][et_pb_section fb_built=\u00bb1&#8243; _builder_version=\u00bb4.16&#8243; _module_preset=\u00bbdefault\u00bb background_enable_image=\u00bboff\u00bb global_colors_info=\u00bb{}\u00bb][et_pb_row column_structure=\u00bb1_4,1_4,1_4,1_4&#8243; _builder_version=\u00bb4.16&#8243; _module_preset=\u00bbdefault\u00bb global_colors_info=\u00bb{}\u00bb][et_pb_column type=\u00bb1_4&#8243; _builder_version=\u00bb4.16&#8243; _module_preset=\u00bbdefault\u00bb global_colors_info=\u00bb{}\u00bb][et_pb_blurb title=\u00bbMiner\u00eda \u00bb image=\u00bbhttps:\/\/www.ismm.edu.cu\/wp-content\/uploads\/2023\/07\/maestria-de-minas2020.jpg\u00bb _builder_version=\u00bb4.16&#8243; _module_preset=\u00bbdefault\u00bb border_radii_image=\u00bbon|20px|20px|20px|20px\u00bb global_colors_info=\u00bb{}\u00bb]<\/p>\n<p><strong>VI Edici\u00f3n<\/strong><\/p>\n<p><strong>Coordinador<\/strong>:<strong>Dr. C. Diosdanis Guerrero Almeida<\/strong><\/p>\n<p><strong>Email: <\/strong><span style=\"color: #0000ff;\"><a href=\"mailto:dguerreroa@ismm.edu.cu\" style=\"color: #0000ff;\">dguerreroa@ismm.edu.cu<\/a><\/span><\/p>\n<p><span style=\"color: #0000ff;\"><a href=\"mailto:dguerrero2013@yahoo.es\" style=\"color: #0000ff;\">\u00a0\u00a0\u00a0\u00a0\u00a0\u00a0\u00a0\u00a0\u00a0\u00a0 dguerrero2019@gmail.com<\/a><\/span><strong><\/strong><\/p>\n<p>Formar un profesional de alto nivel, que sea capaz de dirigir y realizar, con rigor cient\u00edfico, investigaciones tendientes a perfeccionar los trabajos de miner\u00eda en las \u00e1reas de explotaci\u00f3n subterr\u00e1nea y a cielo abierto, el beneficio de los minerales y la protecci\u00f3n del medio y la rehabilitaci\u00f3n de los terrenos afectados por la miner\u00eda.<\/p>\n<p>Las menciones de la maestr\u00eda son:<\/p>\n<p>Explotaci\u00f3n de Yacimientos Minerales<\/p>\n<p>Beneficio de Minerales<\/p>\n<p>Protecci\u00f3n del Medio y Rehabilitaci\u00f3n Minera<\/p>\n<p>&nbsp;<\/p>\n<p>[\/et_pb_blurb][\/et_pb_column][et_pb_column type=\u00bb1_4&#8243; _builder_version=\u00bb4.16&#8243; _module_preset=\u00bbdefault\u00bb global_colors_info=\u00bb{}\u00bb][et_pb_blurb title=\u00bbEducaci\u00f3n Superior \u00bb image=\u00bbhttps:\/\/www.ismm.edu.cu\/wp-content\/uploads\/2023\/07\/maestria-de-la-esducacion-suprior-2021-copia.jpg\u00bb _builder_version=\u00bb4.16&#8243; _module_preset=\u00bbdefault\u00bb border_radii_image=\u00bbon|20px|20px|20px|20px\u00bb locked=\u00bboff\u00bb global_colors_info=\u00bb{}\u00bb]<\/p>\n<p><strong>IV Edici\u00f3n<\/strong><\/p>\n<p><strong>Coordinadora: Dr. C. Odalys Tamara Azahares Fern\u00e1ndez<\/strong><\/p>\n<p><strong>Email:<\/strong><span style=\"color: #0000ff;\"> <a href=\"mailto:tazaharez@ismm.edu.cu\" style=\"color: #0000ff;\">tazaharez@ismm.edu.cu<\/a><\/span><\/p>\n<p>Tel\u00e9fono: 60-6569. Cell: 52116701<\/p>\n<p>Su principal objetivo es lograr que los profesores y directivos vinculados a la Educaci\u00f3n Superior se apropien de los elementos te\u00f3ricos y pr\u00e1cticos esenciales para el ejercicio y perfeccionamiento de sus funciones en el contexto de la universidad cubana.<\/p>\n<p><b>L\u00edneas<\/b> <b>de Investigaci\u00f3n<\/b><\/p>\n<ul>\n<li>Fundamentos te\u00f3ricos de la universidad cubana y de sus procesos<\/li>\n<li>El perfeccionamiento de los contenidos, los m\u00e9todos y los medios en la formaci\u00f3n del profesional, en las carreras respectivas en las condiciones de la universidad cubana<\/li>\n<li>La autoeducaci\u00f3n y su gesti\u00f3n en el modelo pedag\u00f3gico de la universidad cubana, adecuado a las caracter\u00edsticas de sus carreras respectivas<\/li>\n<li>El aprender a aprender, su orientaci\u00f3n y gesti\u00f3n en el contexto de la universidad cubana<\/li>\n<li>La labor educativa y de tutor\u00eda en la formaci\u00f3n integral del profesional en el modelo pedag\u00f3gico de la universidad cubana, adecuado a las caracter\u00edsticas de sus carreras<\/li>\n<li>Did\u00e1ctica de las especialidades en la universidad cubana<\/li>\n<li>Dise\u00f1o curricular en la universidad cubana<\/li>\n<li>El perfeccionamiento de la gesti\u00f3n universitaria en la universidad cubana<\/li>\n<li>El empleo de las TIC en las funciones sustantivas de la universidad cubana, adecuado a las caracter\u00edsticas de sus carreras respectivas.<\/li>\n<\/ul>\n<p>&nbsp;<\/p>\n<p>&nbsp;<\/p>\n<p>[\/et_pb_blurb][\/et_pb_column][et_pb_column type=\u00bb1_4&#8243; _builder_version=\u00bb4.16&#8243; _module_preset=\u00bbdefault\u00bb global_colors_info=\u00bb{}\u00bb][et_pb_blurb title=\u00bbElectromec\u00e1nica\u00bb image=\u00bbhttps:\/\/www.ismm.edu.cu\/wp-content\/uploads\/2023\/07\/maestria-de-electromecanica-1.jpg\u00bb _builder_version=\u00bb4.27.0&#8243; _module_preset=\u00bbdefault\u00bb custom_padding=\u00bb||157px|||\u00bb border_radii_image=\u00bbon|20px|20px|20px|20px\u00bb locked=\u00bboff\u00bb global_colors_info=\u00bb{}\u00bb]<\/p>\n<p><strong>X Edici\u00f3n<\/strong><\/p>\n<p><strong>Coordinador: Dr. C. Deynier Montero G\u00f3ngora<br \/><\/strong><\/p>\n<p><span style=\"color: #0000ff;\"><strong><span style=\"color: #000000;\">Email:<\/span> <\/strong><a href=\"mailto:dmonterog@ismm.edu.cu\" style=\"color: #0000ff;\">dmonterog@ismm.edu.cu<\/a><\/span><\/p>\n<p>Preparar al profesional con m\u00e9todos de investigaci\u00f3n avanzados que le permitan perfeccionar tecnolog\u00edas y productos, con un nivel cient\u00edfico\u2013t\u00e9cnico elevado, en electromec\u00e1nica.<\/p>\n<p><b>L\u00edneas de investigaci\u00f3n<\/b><\/p>\n<ul>\n<li>Eficiencia energ\u00e9tica y protecci\u00f3n del medio ambiente en los sistemas electromec\u00e1nicos en el sector industrial y los servicios.<\/li>\n<li>Tecnolog\u00edas para el dise\u00f1o, explotaci\u00f3n y mantenimiento electromec\u00e1nico en accionamientos y sistemas de transporte.<\/li>\n<li>Sistemas CAD de componentes y aplicaciones inform\u00e1ticas asociadas a la automatizaci\u00f3n industrial y la mecatr\u00f3nica.<\/li>\n<li>Ciencia e ingenier\u00eda de materiales para sistemas electromec\u00e1nicos.<\/li>\n<\/ul>\n<p>&nbsp;<\/p>\n<p>[\/et_pb_blurb][\/et_pb_column][et_pb_column type=\u00bb1_4&#8243; _builder_version=\u00bb4.16&#8243; _module_preset=\u00bbdefault\u00bb global_colors_info=\u00bb{}\u00bb][et_pb_blurb title=\u00bbMetalurgia\u00bb image=\u00bbhttps:\/\/www.ismm.edu.cu\/wp-content\/uploads\/2023\/07\/Maestria-en-Metalurgia.jpg\u00bb _builder_version=\u00bb4.16&#8243; _module_preset=\u00bbdefault\u00bb custom_padding=\u00bb|0px|72px|||\u00bb border_radii_image=\u00bbon|20px|20px|20px|20px\u00bb locked=\u00bboff\u00bb global_colors_info=\u00bb{}\u00bb]<\/p>\n<p><b>VI Edici\u00f3n<\/b><\/p>\n<p><strong>Coordinador: Dr. C. Mercedes Sosa Mart\u00ednez<\/strong><\/p>\n<p><strong>Email: <\/strong><span style=\"color: #0000ff;\">msosa@ismm.edu.cu<\/span><\/p>\n<p>Su principal objetivo es preparar al profesional con los m\u00e9todos de investigaci\u00f3n y proyectos en la esfera de la Metalurgia que le permitan perfeccionar las tecnolog\u00edas existentes, y crear nuevos productos y tecnolog\u00edas con un elevado nivel t\u00e9cnico-econ\u00f3mico y ecol\u00f3gico, empleando modernos conceptos de t\u00e9cnicas de an\u00e1lisis de procesos, control y automatizaci\u00f3n.<\/p>\n<p><b>L\u00edneas de investigaci\u00f3n<\/b><\/p>\n<ul>\n<li>Aprovechamiento racional de los recursos minerales del pa\u00eds.<\/li>\n<li>Perfeccionamiento de las tecnolog\u00edas e indicadores operacionales para la preparaci\u00f3n y el beneficio de minerales y materiales.<\/li>\n<li>Perfeccionamiento de las tecnolog\u00edas extractivas de n\u00edquel y cobalto, as\u00ed como sus procesos e indicadores operacionales.<\/li>\n<li>Aprovechamiento de residuales para la obtenci\u00f3n de nuevos productos metal\u00fargicos o materiales para la construcci\u00f3n y otras diversas industrias.<\/li>\n<li>Desarrollo de super- aleaciones de aceros inoxidables por el mejoramiento de sus propiedades mec\u00e1nicas, t\u00e9rmicas y otras.<\/li>\n<li>Estudios del impacto ambiental de la Industria del N\u00edquel y la protecci\u00f3n del medio ambiente y el hombre<b>.<\/b><\/li>\n<\/ul>\n<p>&nbsp;<\/p>\n<p>[\/et_pb_blurb][\/et_pb_column][\/et_pb_row][et_pb_row column_structure=\u00bb1_4,1_4,1_4,1_4&#8243; _builder_version=\u00bb4.16&#8243; _module_preset=\u00bbdefault\u00bb global_colors_info=\u00bb{}\u00bb][et_pb_column type=\u00bb1_4&#8243; _builder_version=\u00bb4.16&#8243; _module_preset=\u00bbdefault\u00bb global_colors_info=\u00bb{}\u00bb][et_pb_blurb title=\u00bbDesarrollo Sustentable en la Actividad Minero Metal\u00fargica\u00bb image=\u00bbhttps:\/\/www.ismm.edu.cu\/wp-content\/uploads\/2023\/07\/desarrollo-2022-.2-copia.jpg\u00bb _builder_version=\u00bb4.16&#8243; _module_preset=\u00bbdefault\u00bb border_radii_image=\u00bbon|20px|20px|20px|20px\u00bb global_colors_info=\u00bb{}\u00bb]<\/p>\n<p><strong>Coordinador:\u00a0Dr. C. Arlenis Carbonel Pupo<\/strong><\/p>\n<p><span style=\"color: #0000ff;\"><strong><span style=\"color: #000000;\">Email:<\/span><\/strong> acarbonel@ismm.edu.cu<\/span><\/p>\n<p><strong>Cursos que comprende:<\/strong><\/p>\n<p align=\"justify\">M\u00f3dulo b\u00e1sico, cursos obligatorios y electivos: Metodolog\u00eda de la investigaci\u00f3n, Propiedades de las rocas y del macizo, Ecolog\u00eda, Legislaci\u00f3n minera y ambiental, Evaluaci\u00f3n de proyectos mineros de inversi\u00f3n, Geoestad\u00edstica, Matem\u00e1tica aplicada, Computaci\u00f3n aplicada a la miner\u00eda, Estado tensional del macizo.<\/p>\n<p>[\/et_pb_blurb][\/et_pb_column][et_pb_column type=\u00bb1_4&#8243; _builder_version=\u00bb4.16&#8243; _module_preset=\u00bbdefault\u00bb global_colors_info=\u00bb{}\u00bb][et_pb_blurb title=\u00bbGeolog\u00eda\u00bb image=\u00bbhttps:\/\/www.ismm.edu.cu\/wp-content\/uploads\/2023\/07\/maestria-2018.jpg\u00bb _builder_version=\u00bb4.16&#8243; _module_preset=\u00bbdefault\u00bb border_radii_image=\u00bbon|20px|20px|20px|20px\u00bb locked=\u00bboff\u00bb global_colors_info=\u00bb{}\u00bb]<\/p>\n<p><b>XI Edici\u00f3n<\/b><\/p>\n<p><strong>Coordinador: <\/strong><b>Dr. C. Alina Rodr\u00edguez Infante<\/b><\/p>\n<p><strong>Email: <\/strong><span style=\"color: #0000ff;\">rinfante<\/span><span style=\"color: #0000ff;\">@ismm.edu.cu<\/span><\/p>\n<p>Maestr\u00eda en Geolog\u00eda, con categor\u00eda superior de Programa Certificado. Su principal objetivo es formar profesionales con conocimientos y m\u00e9todos de investigaci\u00f3n avanzados, para la soluci\u00f3n de problemas cient\u00edficos y t\u00e9cnicos de las ramas geol\u00f3gica, petrolera y otras afines, contribuyendo al mejor aprovechamiento de los recursos naturales y a la protecci\u00f3n del medio ambiente, as\u00ed como una gesti\u00f3n eficiente en la organizaci\u00f3n y ejecuci\u00f3n de proyectos<\/p>\n<p><b>L\u00edneas de investigaci\u00f3n<\/b><\/p>\n<ul>\n<li>Caracterizaci\u00f3n geol\u00f3gica, geoqu\u00edmica y mineral\u00f3gica de los recursos minerales.<\/li>\n<li>Prospecci\u00f3n, exploraci\u00f3n, explotaci\u00f3n, modelaci\u00f3n y uso racional de los recursos minerales.<\/li>\n<li>Investigaciones para la prospecci\u00f3n, exploraci\u00f3n y protecci\u00f3n de los recursos h\u00eddricos y la calidad de las aguas superficiales y subterr\u00e1neas.<\/li>\n<li>Desarrollo de estudios ingeniero geol\u00f3gicos que permiten una mejor selecci\u00f3n y proyecci\u00f3n de obras ingenieras.<\/li>\n<li>El estudio de las estructuras geol\u00f3gicas regionales.<\/li>\n<li>Los estudios de impacto ambiental y la protecci\u00f3n de los recursos geol\u00f3gicos.<\/li>\n<li>Evaluaci\u00f3n de la peligrosidad y gesti\u00f3n de riesgos de origen geol\u00f3gico.<\/li>\n<\/ul>\n<p>&nbsp;<\/p>\n<p>[\/et_pb_blurb][\/et_pb_column][et_pb_column type=\u00bb1_4&#8243; _builder_version=\u00bb4.16&#8243; _module_preset=\u00bbdefault\u00bb global_colors_info=\u00bb{}\u00bb][et_pb_blurb title=\u00bbTopograf\u00eda Minera\u00bb image=\u00bbhttps:\/\/www.ismm.edu.cu\/wp-content\/uploads\/2023\/07\/339988761_2166471680205135_7969866297384471249_n.jpg\u00bb _builder_version=\u00bb4.16&#8243; _module_preset=\u00bbdefault\u00bb border_radii_image=\u00bbon|20px|20px|20px|20px\u00bb locked=\u00bboff\u00bb global_colors_info=\u00bb{}\u00bb]<\/p>\n<p><strong>IV Edici\u00f3n<\/strong><\/p>\n<p><strong>Coordinadora: M. Sc. Walkis Herrera Blanco<\/strong><\/p>\n<p><strong>Email:<\/strong><span style=\"color: #0000ff;\"> <a href=\"mailto:tazaharez@ismm.edu.cu\" style=\"color: #0000ff;\">wherrera@ismm.edu.cu<\/a><\/span><\/p>\n<p>Su principal objetivo es formar un profesional de alto nivel que sea capaz de dirigir y realizar, con rigor cient\u00edfico, investigaciones con tendencias a perfeccionar los trabajos de Topograf\u00eda Minera en las \u00e1reas de explotaci\u00f3n subterr\u00e1nea y a cielo abierto, t\u00faneles, Trasvase, protecci\u00f3n del medio y la rehabilitaci\u00f3n de los terrenos afectados por la miner\u00eda.<\/p>\n<p><b>L\u00edneas de investigaci\u00f3n<\/b><\/p>\n<ul>\n<li>Catastro Minero<\/li>\n<li>Cartograf\u00eda Minera<\/li>\n<li>Sistema de Informaci\u00f3n Geogr\u00e1fica<\/li>\n<li>Teledetecci\u00f3n<\/li>\n<li>Topograf\u00eda Minera<\/li>\n<li>Geodin\u00e1mica<\/li>\n<li>Procesamiento digital de im\u00e1genes satelitales<\/li>\n<li>Rehabilitaci\u00f3n Minera<\/li>\n<li>Sistema de gesti\u00f3n minera<\/li>\n<\/ul>\n<ul><\/ul>\n<p>&nbsp;<\/p>\n<p>&nbsp;<\/p>\n<p>&nbsp;<\/p>\n<p>&nbsp;<\/p>\n<p>[\/et_pb_blurb][\/et_pb_column][et_pb_column type=\u00bb1_4&#8243; _builder_version=\u00bb4.16&#8243; _module_preset=\u00bbdefault\u00bb global_colors_info=\u00bb{}\u00bb][\/et_pb_column][\/et_pb_row][\/et_pb_section]<\/p>\n","protected":false},"excerpt":{"rendered":"<p>Maestr\u00edas VI Edici\u00f3n Coordinador:Dr. C. Diosdanis Guerrero Almeida Email: dguerreroa@ismm.edu.cu \u00a0\u00a0\u00a0\u00a0\u00a0\u00a0\u00a0\u00a0\u00a0\u00a0 dguerrero2019@gmail.com Formar un profesional de alto nivel, que sea capaz de dirigir y realizar, con rigor cient\u00edfico, investigaciones tendientes a perfeccionar los trabajos de miner\u00eda en las \u00e1reas de explotaci\u00f3n subterr\u00e1nea y a cielo abierto, el beneficio de los minerales y la protecci\u00f3n del [&hellip;]<\/p>\n","protected":false},"author":10,"featured_media":0,"parent":0,"menu_order":0,"comment_status":"closed","ping_status":"closed","template":"","meta":{"_et_pb_use_builder":"on","_et_pb_old_content":"","_et_gb_content_width":"","footnotes":""},"class_list":["post-3665","page","type-page","status-publish","hentry"],"_links":{"self":[{"href":"https:\/\/www.ismm.edu.cu\/index.php\/wp-json\/wp\/v2\/pages\/3665"}],"collection":[{"href":"https:\/\/www.ismm.edu.cu\/index.php\/wp-json\/wp\/v2\/pages"}],"about":[{"href":"https:\/\/www.ismm.edu.cu\/index.php\/wp-json\/wp\/v2\/types\/page"}],"author":[{"embeddable":true,"href":"https:\/\/www.ismm.edu.cu\/index.php\/wp-json\/wp\/v2\/users\/10"}],"replies":[{"embeddable":true,"href":"https:\/\/www.ismm.edu.cu\/index.php\/wp-json\/wp\/v2\/comments?post=3665"}],"version-history":[{"count":47,"href":"https:\/\/www.ismm.edu.cu\/index.php\/wp-json\/wp\/v2\/pages\/3665\/revisions"}],"predecessor-version":[{"id":8211,"href":"https:\/\/www.ismm.edu.cu\/index.php\/wp-json\/wp\/v2\/pages\/3665\/revisions\/8211"}],"wp:attachment":[{"href":"https:\/\/www.ismm.edu.cu\/index.php\/wp-json\/wp\/v2\/media?parent=3665"}],"curies":[{"name":"wp","href":"https:\/\/api.w.org\/{rel}","templated":true}]}}