{"id":2027,"date":"2019-12-18T20:46:04","date_gmt":"2019-12-18T20:46:04","guid":{"rendered":"https:\/\/www.ismm.edu.cu\/?page_id=835"},"modified":"2020-10-01T16:52:31","modified_gmt":"2020-10-01T16:52:31","slug":"posgrado","status":"publish","type":"page","link":"https:\/\/www.ismm.edu.cu\/index.php\/posgrado\/","title":{"rendered":"Posgrado"},"content":{"rendered":"<p>[et_pb_section fb_built=\u00bb1&#8243; _builder_version=\u00bb4.0.11&#8243; background_image=\u00bbhttps:\/\/www.ismm.edu.cu\/wp-content\/uploads\/2019\/12\/WhatsApp-Image-2019-12-18-at-4.53.11-AM-9.jpeg\u00bb custom_padding=\u00bb||466px|||\u00bb][et_pb_row _builder_version=\u00bb4.0.11&#8243;][et_pb_column type=\u00bb4_4&#8243; _builder_version=\u00bb4.0.11&#8243;][\/et_pb_column][\/et_pb_row][\/et_pb_section][et_pb_section fb_built=\u00bb1&#8243; admin_label=\u00bbAbout Us\u00bb _builder_version=\u00bb3.22&#8243;][et_pb_row column_structure=\u00bb1_2,1_2&#8243; _builder_version=\u00bb3.25&#8243; custom_width_px=\u00bb1280px\u00bb][et_pb_column type=\u00bb1_2&#8243; _builder_version=\u00bb3.25&#8243; custom_padding=\u00bb100px|||\u00bb custom_padding_tablet=\u00bb0px|||\u00bb custom_padding_phone=\u00bb\u00bb custom_padding_last_edited=\u00bbon|tablet\u00bb padding_tablet=\u00bb0px|||\u00bb padding_last_edited=\u00bbon|tablet\u00bb custom_padding__hover=\u00bb|||\u00bb][et_pb_text _builder_version=\u00bb4.2.2&#8243; text_font_size=\u00bb22px\u00bb text_letter_spacing=\u00bb1px\u00bb text_line_height=\u00bb1.8em\u00bb header_font_size=\u00bb37px\u00bb text_orientation=\u00bbjustified\u00bb width=\u00bb100%\u00bb custom_margin=\u00bb-100px|43px||||\u00bb custom_padding=\u00bb0px|12px|1px|17px||\u00bb hover_enabled=\u00bb0&#8243;]<\/p>\n<div class=\"td-page-header\"><\/div>\n<div class=\"td-page-header\">\n<p class=\"entry-title td-page-title\"><span>Postgrado<\/span><\/p>\n<\/div>\n<div class=\"td-page-content\">\n<p>La Universidad de Moa Dr. Antonio N\u00fa\u00f1ez Jim\u00e9nez, ofrece el<span>\u00a0<\/span><strong>PLAN DE POSGRADO DEL A\u00d1O 2016<span>\u00a0<\/span><\/strong>a partir de necesidades de superaci\u00f3n de las empresas del territorio y del pa\u00eds, organismos, gobiernos, entidades y otras instituciones de la producci\u00f3n y los servicios, a fin de promover la educaci\u00f3n permanente de los profesionales de manera que est\u00e9n en condiciones de enfrentar los retos del desarrollo de la sociedad, con \u00e9nfasis en el cumplimiento de los programas priorizados en los lineamientos de la pol\u00edtica econ\u00f3mica y social del Partido y la Revoluci\u00f3n.<br \/> Como parte del sistema de educaci\u00f3n de posgrado, el plan contiene una informaci\u00f3n general inicial sobre los programas de Doctorados y Maestr\u00edas, que como instituci\u00f3n autorizada por el Ministerio de Educaci\u00f3n Superior y la Comisi\u00f3n Nacional de Grados Cient\u00edficos, ejecuta nuestra instituci\u00f3n educativa en reconocimiento a los resultados y desarrollo alcanzados por el centro en la gesti\u00f3n del proceso de posgrado, a la vez que orienta a los profesionales sobre posibilidades que ofrece esta universidad para su inserci\u00f3n en programas de formaci\u00f3n acad\u00e9micos y de car\u00e1cter cient\u00edfico.<br \/> En el caso de las maestr\u00edas en ejecuci\u00f3n en el a\u00f1o 2016, los profesionales que no est\u00e1n incorporados a los programas, pero tienen inter\u00e9s en recibir determinados cursos de los que estos comprenden, podr\u00e1n comunicarse con sus coordinadores para matricularlos como cursos independientes de posgrado y recibir\u00e1n por la Secretar\u00eda Docente de las correspondientes facultades la certificaci\u00f3n del curso. En el plan aparecen las formas organizativas de superaci\u00f3n profesional del a\u00f1o y los participantes, de existir interesados en el posgrado que no aparezcan relacionados en las entidades solicitantes, pueden contactar en las facultades y departamentos docentes con los responsables de su ejecuci\u00f3n que se especifican m\u00e1s adelante para cada una de ellas y podr\u00e1n ser incluidos tambi\u00e9n siempre que las condiciones lo permitan.<br \/> Se incluyen tambi\u00e9n otros cursos de posgrado que pueden ser impartidos, independientemente del plan de posgrado previsto para el a\u00f1o 2016 que se confeccion\u00f3 seg\u00fan las demandas de las empresas, organismos e instituciones de la producci\u00f3n y los servicios. Los profesores de los departamentos docentes est\u00e1n en condiciones de desarrollar estas formas organizativas del posgrado cuando se soliciten por los interesados.<br \/> Las matr\u00edculas en los cursos, entrenamientos y diplomados se efectuar\u00e1n en la Secretar\u00eda Docente de las facultades, con el requisito de ser graduado de nivel superior. Antes de la fecha de inicio de la modalidad de superaci\u00f3n, los capacitadores despachar\u00e1n en la Secretar\u00eda Docente de las facultades las listas de los profesionales que se insertar\u00e1n a la superaci\u00f3n de posgrado, de manera que al iniciar las actividades los profesores posean la informaci\u00f3n.<br \/> La incorporaci\u00f3n de otros profesionales, de ser necesaria despu\u00e9s de iniciada la actividad de posgrado, no se realizar\u00e1 directamente por los profesores, siempre se incluir\u00e1 por la Secretar\u00eda Docente de la facultad, la cual tiene la responsabilidad de emitir la documentaci\u00f3n correspondiente una vez concluida la superaci\u00f3n. Solicitamos al personal de las instituciones y organismos encargados de la superaci\u00f3n permanente de sus profesionales, mantenerse en contacto y en interacci\u00f3n con las \u00e1reas del centro vinculadas a la ejecuci\u00f3n del posgrado.<br \/> Las instituciones, organismos y empresas, entre otros, que en el transcurso del a\u00f1o necesiten adicionar alg\u00fan tipo de superaci\u00f3n al plan por nuevas situaciones propias de su din\u00e1mica laboral y que justifiquen su inclusi\u00f3n, pueden comunicarse con el Departamento de Posgrado que las coordinar\u00e1 con el departamento docente que le corresponda ejecutar la actividad.<\/p>\n<p>&nbsp;<\/p>\n<div>\n<p>&nbsp;<\/p>\n<\/div>\n<\/div>\n<p>[\/et_pb_text][\/et_pb_column][et_pb_column type=\u00bb1_2&#8243; _builder_version=\u00bb3.25&#8243; custom_padding=\u00bb|||\u00bb custom_padding__hover=\u00bb|||\u00bb][et_pb_toggle title=\u00bbDoctorados\u00bb _builder_version=\u00bb4.2.2&#8243; hover_enabled=\u00bb0&#8243;]<\/p>\n<p><strong>Programa doctoral: Miner\u00eda<\/strong><\/p>\n<p>Coordinador: Dr. C. Jos\u00e9 Antonio Ota\u00f1o Noguel (joseot@ismm.edu.cu<\/p>\n<p><strong>Programa doctoral: Metalurgia<\/strong><\/p>\n<p>Coordinador: Dr. C. Alfredo Coello Vel\u00e1zquez (acoello@ismm.edu.cu)<\/p>\n<p><strong>Programa doctoral: Geolog\u00eda<\/strong><\/p>\n<p>Coordinador: Dr. C. Carlos A. Leyva Rodr\u00edguez (cleyva@ismm.edu.cu)<\/p>\n<p><strong>Programa doctoral: Electromec\u00e1nica<\/strong><\/p>\n<p>Coordinador: Dr. C. Ever G\u00f3ngora Leyva (egongora@ismm.edu.cu)<\/p>\n<p>&nbsp;<\/p>\n<p align=\"justify\">Para cualquier informaci\u00f3n de inter\u00e9s en relaci\u00f3n con estos programas doctorales, se puede establecer comunicaci\u00f3n e interactuar con sus coordinadores a trav\u00e9s de la direcci\u00f3n de correo. Todos los programas de doctorados transitaron por el proceso de acreditaci\u00f3n de la calidad; como resultado de la evaluaci\u00f3n externa realizada por la Junta de Acreditaci\u00f3n Nacional (JAN) y la Comisi\u00f3n Nacional de Grados Cient\u00edficos, el programa de<span>\u00a0<\/span><strong>Metalurgia<span>\u00a0<\/span><\/strong>result\u00f3 de<span>\u00a0<\/span><strong>Excelencia<span>\u00a0<\/span><\/strong>y los de<span>\u00a0<\/span><strong>Miner\u00eda, Geolog\u00eda y Electromec\u00e1nica<span>\u00a0<\/span><\/strong>est\u00e1n<span>\u00a0<\/span><strong>Certificados.<\/strong><\/p>\n<p>[\/et_pb_toggle][et_pb_toggle title=\u00bbMaestr\u00edas\u00bb _builder_version=\u00bb4.2.2&#8243;]<\/p>\n<p><span style=\"text-decoration: underline;\"><strong>Miner\u00eda<\/strong><\/span><\/p>\n<p><strong>Coordinador:<span>\u00a0<\/span><\/strong>Dr. C. Jos\u00e9 Antonio Ota\u00f1o Noguel (joseot@ismm.edu.cu)<\/p>\n<p><strong>Cursos que comprende:<\/strong><\/p>\n<p align=\"justify\">M\u00f3dulo b\u00e1sico, cursos obligatorios y electivos: Metodolog\u00eda de la investigaci\u00f3n, Propiedades de las rocas y del macizo, Ecolog\u00eda, Legislaci\u00f3n minera y ambiental, Evaluaci\u00f3n de proyectos mineros de inversi\u00f3n, Geoestad\u00edstica, Matem\u00e1tica aplicada, Computaci\u00f3n aplicada a la miner\u00eda, Estado tensional del macizo.<\/p>\n<p><strong>Menci\u00f3n: Explotaci\u00f3n Yacimientos Minerales<\/strong>.<\/p>\n<p align=\"justify\">Cursos obligatorios y electivos: Investigaci\u00f3n de los procesos productivos, Tecnolog\u00eda de explotaci\u00f3n, Estabilidad de taludes y obras subterr\u00e1neas, Explotaci\u00f3n de yacimientos de materiales de construcci\u00f3n, Explotaci\u00f3n de yacimientos de cortezas de intemperismo, Explotaci\u00f3n de yacimientos de minerales men\u00edferos y no men\u00edferos, Geolog\u00eda, Topograf\u00eda, Voladura, Equipamiento minero, Hidrogeolog\u00eda, Transporte minero, Direcci\u00f3n de la calidad, Dise\u00f1o de minas, Rehabilitaci\u00f3n de zonas afectadas por la actividad minera, Protecci\u00f3n del trabajo minero, Laboreo y sostenimiento de excavaciones subterr\u00e1neas, Procesamiento de minerales.<\/p>\n<p><strong>Menci\u00f3n: Protecci\u00f3n del Medio y Rehabilitaci\u00f3n Minera<\/strong><\/p>\n<p align=\"justify\">Cursos obligatorios y electivos: Impacto de la industria minera sobre el medio, Ordenamiento minero ambiental, Rehabilitaci\u00f3n de \u00e1reas afectadas por la actividad minera, Identificaci\u00f3n y evaluaci\u00f3n de impactos, Explotaci\u00f3n de los Georrecursos, Medio f\u00edsico-receptor, Gesti\u00f3n ambiental, Cartograf\u00eda ambiental, Econom\u00eda ambiental, Auditoria ambiental, Control y prevenci\u00f3n de polvo y ruido, Control y prevenci\u00f3n de la contaminaci\u00f3n h\u00eddrica, Control de las vibraciones y ondas a\u00e9reas producidas por las voladuras, Control de la erosi\u00f3n y la sedimentaci\u00f3n, Cierre de minas, Integraci\u00f3n paisaj\u00edstica, Taludes, escombreras y c\u00f3leras, Geolog\u00eda ambiental, Sistemas de informaci\u00f3n geogr\u00e1fica.<\/p>\n<p><strong>Menci\u00f3n: Beneficio de Minerales<\/strong><\/p>\n<p align=\"justify\">Cursos obligatorios y electivos: Mineralog\u00eda, M\u00e9todos de beneficio de las menas, Beneficio del oro, Tecnolog\u00eda del tratamiento mec\u00e1nico de las menas later\u00edticas, Tecnolog\u00eda del tratamiento de las menas sulfurosas de cobre, Tecnolog\u00eda del tratamiento de las menas polimet\u00e1licas, Tecnolog\u00eda de la preparaci\u00f3n mec\u00e1nica de las rocas y minerales industriales, Tecnolog\u00eda de la preparaci\u00f3n mec\u00e1nica de los materiales de construcci\u00f3n, de la industria qu\u00edmica y otros, Impacto de los procesos de beneficio sobre el medio.<\/p>\n<p><span style=\"text-decoration: underline;\"><strong>Metalurgia<\/strong><\/span><\/p>\n<p><strong>Coordinador:<span>\u00a0<\/span><\/strong>Dr. C. Mercedes Sosa Mart\u00ednez (msosa@ismm.edu.cu)<\/p>\n<p><strong>Cursos que comprende:<\/strong><\/p>\n<p>Obligatorios del perfil Cient\u00edfico-Metodol\u00f3gico: Metodolog\u00eda de la Investigaci\u00f3n, M\u00e9todos de Optimizaci\u00f3n, odelaci\u00f3n y Simulaci\u00f3n de Procesos.<\/p>\n<p>Obligatorios del perfil multiprofesional: Direcci\u00f3n Integrada de Proyectos, Automatizaci\u00f3n y Control de Procesos Metal\u00fargicos, Tratamiento de Residuales y Reciclaje, Procesos de Escalado.<\/p>\n<p>Electivos del perfil terminal: Tecnolog\u00edas del beneficio de materiales met\u00e1licos y no met\u00e1licos, Tecnolog\u00edas extractivas de materiales met\u00e1licos y no met\u00e1licos, Tecnolog\u00eda para la obtenci\u00f3n de metales, aleaciones y su elaboraci\u00f3n, Ingenier\u00eda ambiental en la industria de los materiales.<\/p>\n<p><span style=\"text-decoration: underline;\"><strong>Electromec\u00e1nica<\/strong><\/span><\/p>\n<p><strong>Coordinador:<span>\u00a0<\/span><\/strong>Dr. C. Isnel Rodr\u00edguez Gonz\u00e1les (irgonzalez@ismm.edu.cu)<\/p>\n<p><strong>Cursos que comprende:<\/strong><\/p>\n<p align=\"justify\">Obligatorios del perfil Cient\u00edfico-Metodol\u00f3gico: Metodolog\u00eda de la Investigaci\u00f3n, Matem\u00e1tica Computacional, Modelaci\u00f3n y Simulaci\u00f3n, Econom\u00eda Empresarial y Direcci\u00f3n Integrada de Proyectos.<\/p>\n<p>Obligatorios del Perfil Multiprofesional: Conversi\u00f3n y Conservaci\u00f3n Energ\u00e9tica, M\u00e1quinas y Accionamientos Electromec\u00e1nicos, Tecnolog\u00edas y Equipos Electromec\u00e1nicos, Mediciones Electromec\u00e1nicas.<\/p>\n<p>Electivos de Eficiencia Energ\u00e9tica: An\u00e1lisis Avanzados de Sistemas T\u00e9rmicos, Eficiencia en los Sistemas de Transporte de Fluidos, An\u00e1lisis Avanzado de Sistemas El\u00e9ctricos de Potencia, Electr\u00f3nica Industrial, Explotaci\u00f3n T\u00e9cnica y Mantenimiento Electromec\u00e1nico, Sostenibilidad Energ\u00e9tica.<\/p>\n<p>Electivos de Manufactura y Mecatr\u00f3nica: Dise\u00f1o Electromec\u00e1nico, Sistemas Mecatr\u00f3nicos, Ingenier\u00eda de Materiales y Procesos, Dise\u00f1o y Fabricaci\u00f3n Asistido por Computador, Procesos Avanzados de Manufactura, Control Moderno.<\/p>\n<p>Formaci\u00f3n Investigativa y Elaboraci\u00f3n de Tesis: Seminarios de Investigaci\u00f3n.<\/p>\n<p><span style=\"text-decoration: underline;\"><strong>Desarrollo sustentable en la actividad minero-metal\u00fargica<\/strong><\/span><\/p>\n<p><strong>Coordinador:<span>\u00a0<\/span><\/strong>Dr. C. Juan Manuel Montero Pe\u00f1a (jmpena@ismm.edu.cu)<\/p>\n<p><strong>Cursos que comprende:<\/strong><\/p>\n<p align=\"justify\">M\u00f3dulo b\u00e1sico, cursos obligatorios y opcionales: Elementos de Miner\u00eda, Metodolog\u00eda de la investigaci\u00f3n, Problemas Sociales de la Ciencia y la Tecnolog\u00eda, Desarrollo sustentable en la miner\u00eda, Percepci\u00f3n de riesgo, Residuales mineros, Ecolog\u00eda, Geolog\u00eda y geomorfolog\u00eda ambiental.<\/p>\n<p align=\"justify\">M\u00f3dulo especializado, cursos obligatorios y opcionales: Econom\u00eda ambiental, Proyectos ambientales, Medio ambiente y desarrollo, Evaluaci\u00f3n de impacto ambiental, Indicadores de sustentabilidad y cierre de minas, Universidad y desarrollo sustentable, Gesti\u00f3n del conocimiento y desarrollo local, Cultura, identidad y axiolog\u00eda; Derecho ambiental nacional e internacional.<\/p>\n<p><span style=\"text-decoration: underline;\"><strong>Geolog\u00eda<\/strong><\/span><\/p>\n<p><strong>Coordinador:<span>\u00a0<\/span><\/strong>Dr. C. Tereza Hern\u00e1ndez Columbi\u00e9 (tcolumbie@ismm.edu.cu)<\/p>\n<p><strong>Cursos que comprende:<\/strong><\/p>\n<p align=\"justify\">M\u00f3dulo b\u00e1sico, cursos obligatorios y opcionales: Geoestad\u00edstica, Metodolog\u00eda de la Investigaci\u00f3n, Cartograf\u00eda Geol\u00f3gica, Geolog\u00eda Estructural y Paleotect\u00f3nica, Estratigraf\u00eda y Sedimentolog\u00eda, Geolog\u00eda Ambiental, Petrolog\u00eda \u00cdgnea y Metam\u00f3rfica, Petrolog\u00eda Sedimentaria, Geoqu\u00edmica General, Geolog\u00eda de Yacimientos Minerales, Geotecnia, Evaluaci\u00f3n y Gerenciamiento de Proyectos, Sistemas de Informaci\u00f3n Geogr\u00e1fica.<\/p>\n<p><strong>M\u00f3dulo especializado, Menci\u00f3n Geotecnia e Hidrogeolog\u00eda<\/strong>.<\/p>\n<p align=\"justify\">Cursos obligatorios y opcionales: Ingenier\u00eda Geodin\u00e1mica, Ingenier\u00eda Geotecnia, Mec\u00e1nica de Suelos, Geotecnia de los Movimientos de Masas en Taludes y Laderas, Riesgos S\u00edsmicos, Mec\u00e1nica de Rocas, Riesgos Geol\u00f3gicos, Hidrogeolog\u00eda Aplicada.<\/p>\n<p><strong>Menci\u00f3n Geolog\u00eda Ambiental<\/strong><\/p>\n<p align=\"justify\">Cursos obligatorios y opcionales: Geolog\u00eda, Medio Ambiente y Desarrollo Local, Geoqu\u00edmica Ambiental, Cartograf\u00eda Geol\u00f3gica Ambiental, Evaluaci\u00f3n de Impacto Ambiental, Recuperaci\u00f3n de \u00c1reas Degradadas, Geof\u00edsica Ambiental, Hidrogeolog\u00eda Ambiental.<\/p>\n<p><strong>Menci\u00f3n Prospecci\u00f3n y Exploraci\u00f3n de Minerales S\u00f3lidos<\/strong><\/p>\n<p align=\"justify\">Cursos obligatorios y opcionales: Rocas y Minerales Industriales, Metalogenia, M\u00e9todos Geof\u00edsicos Integrados, Microscop\u00eda de Menas e Inclusiones Fluidas, Metodolog\u00eda de Prospecci\u00f3n y Exploraci\u00f3n, Estimaci\u00f3n de Recursos y Reservas, Procesos de Alteraci\u00f3n, Metalogenia de Cuba.<\/p>\n<p><strong>Menci\u00f3n Prospecci\u00f3n y Exploraci\u00f3n de Yacimientos Gasopetrol\u00edferos<\/strong><\/p>\n<p align=\"justify\">Cursos obligatorios y opcionales: M\u00e9todos Geof\u00edsicos Integrados en la Prospecci\u00f3n y Exploraci\u00f3n de Yacimientos Gasopetrol\u00edferos, Metodolog\u00eda de Prospecci\u00f3n y Exploraci\u00f3n de Yacimientos Gasopetrol\u00edferos, Estimaci\u00f3n de Recursos y Reservas de Petr\u00f3leo y Gas, Geoqu\u00edmica Aplicada a la Prospecci\u00f3n y Exploraci\u00f3n Gasopetrol\u00edfera, Reservorios de yacimientos gasopetrol\u00edferos, M\u00e9todos s\u00edsmicos aplicada a la prospecci\u00f3n de petr\u00f3leo y gas.<\/p>\n<p><span style=\"text-decoration: underline;\"><strong>Topograf\u00eda minera<\/strong><\/span><\/p>\n<p><strong>Coordinador:<span>\u00a0<\/span><\/strong>Dr. C. Yordanis Batista Legr\u00e1 (yebatista@ismm.edu.cu)<\/p>\n<p><strong>Cursos que comprende:<\/strong><\/p>\n<p align=\"justify\">M\u00f3dulo b\u00e1sico, cursos obligatorios y electivos: Metodolog\u00eda de la Investigaci\u00f3n Cient\u00edfica, Topograf\u00eda general, Elementos de miner\u00eda, Inform\u00e1tica aplicada, Ajuste de redes topogr\u00e1ficas, Dibujo topogr\u00e1fico y minero, Teor\u00eda de errores de las mediciones, Geoestad\u00edstica, Ecolog\u00eda.<\/p>\n<p align=\"justify\">M\u00f3dulo especializado, cursos obligatorios y electivos: Fotogrametr\u00eda, Cartograf\u00eda, Organizaci\u00f3n de los trabajos topogr\u00e1ficos mineros, Trabajos topogr\u00e1ficos aplicados a la minera a cielo abierto, Trabajos topogr\u00e1ficos aplicados a la miner\u00eda subterr\u00e1nea, Construcci\u00f3n de caminos mineros, Teledetecci\u00f3n, Asentamientos de obras mineras, Trabajos topogr\u00e1ficos aplicados a obras hidr\u00e1ulicas, Sistema de Informaci\u00f3n Geogr\u00e1fica.<\/p>\n<p><span style=\"text-decoration: underline;\"><strong>Educaci\u00f3n Superior<\/strong><\/span><\/p>\n<p><strong>Coordinadora:<span>\u00a0<\/span><\/strong>Dr. C. Odalis Tamara Azaharez Fern\u00e1ndez (tazaharez@ismm.edu.cu)<\/p>\n<p><strong>Cursos que comprende:<\/strong><\/p>\n<p><strong>Diplomado b\u00e1sico:<\/strong><\/p>\n<p align=\"justify\">Introducci\u00f3n a los fundamentos de la nueva universidad cubana, Pol\u00edtica y sociedad contempor\u00e1neas, Problemas sociales de la ciencia y la tecnolog\u00eda, Fundamentos did\u00e1cticos, La educaci\u00f3n en valores y la tutor\u00eda, Las tecnolog\u00edas de la informaci\u00f3n y la comunicaci\u00f3n en la educaci\u00f3n superior cubana, Gesti\u00f3n de los procesos universitarios y rol del profesor.<\/p>\n<p><strong>Diplomados de Especialidad<\/strong><\/p>\n<p>Se selecciona un diplomado o varios cursos entre los diferentes diplomados, hasta alcanzar 15 cr\u00e9ditos como m\u00ednimo.<\/p>\n<p align=\"justify\">Cursos: Docencia universitaria en la nueva universidad cubana: Dise\u00f1o curricular, Estrategias de aprendizaje, Comunicaci\u00f3n educativa y medios de ense\u00f1anza, Evaluaci\u00f3n educativa, Producci\u00f3n de materiales educativos y gesti\u00f3n de actividades docentes.<\/p>\n<p>[\/et_pb_toggle][et_pb_toggle title=\u00bbDiplomados\u00bb _builder_version=\u00bb4.0.11&#8243;]<\/p>\n<p><strong>A<\/strong><strong>CTIVIDADES DE SUPERACI\u00d3N PROFESIONAL<\/strong><\/p>\n<p><strong>DIPLOMADOS<\/strong><\/p>\n<p><strong>Centro de Estudios Pedag\u00f3gicos<\/strong><\/p>\n<p><strong>T\u00edtulo<\/strong><strong>: Fundamentos de la Educaci\u00f3n Superior Cubana.<\/strong><\/p>\n<p>Coordinadores: Dra. C. Elsi Amalia Ferrer Carbonell. (eferrer@ismm.edu.cu)<\/p>\n<p>Dr. C. Odalys T. Azahares Fern\u00e1ndez. (tazaharez@ismm.edu.cu)<\/p>\n<p>Cursos del diplomado:<\/p>\n<ul>\n<li>Introducci\u00f3n a los fundamentos de la Nueva Universidad Cubana (NUC).<\/li>\n<li>Pol\u00edtica y sociedad contempor\u00e1nea.<\/li>\n<li>Problemas sociales de la ciencia y la tecnolog\u00eda.<\/li>\n<li>La educaci\u00f3n en valores y la tutor\u00eda en la NUC.<\/li>\n<li>Fundamentos did\u00e1cticos de la NUC.<\/li>\n<li>Rol y desempe\u00f1o del profesor universitario.<\/li>\n<li>Las tecnolog\u00edas de la informaci\u00f3n y la comunicaci\u00f3n en la universalizaci\u00f3n de la educaci\u00f3n superior cubana.<\/li>\n<\/ul>\n<p>Profesores Principales:<\/p>\n<ul>\n<li>Dra. C. Elsi Amalia Ferrer Carbonell. (eferrer@ismm.edu.cu)<\/li>\n<li>Dr. C. Jos\u00e9 Luis Montero O\u00b4Farrill. (jmontero@ismm.edu.cu)<\/li>\n<li>Dra. C. Yuliuva Hern\u00e1ndez Garc\u00eda. (enyah@ismm.edu.cu)<\/li>\n<li>MSc. Efra\u00edn Santos Rodr\u00edguez. (esantos@ismm.edu.cu)<\/li>\n<li>Dr. C. Juan Manuel Montero Pe\u00f1a. (jmpena@ismm.edu.cu )<\/li>\n<li>MSc. Rolando Gamboa Rodr\u00edguez. (rgamboa@ismm.edu.cu )<\/li>\n<li>Dra. C. Odalys Tamara Azahares Fern\u00e1ndez. (tazaharez@ismm.edu.cu)<\/li>\n<\/ul>\n<p>Modalidad: semipresencial<\/p>\n<p>Cr\u00e9ditos: 20<\/p>\n<p>Fecha: enero \u2013 junio<\/p>\n<p>Dirigido a: Adiestrados y Profesores a tiempo parcial.<\/p>\n<p><strong>T\u00edtulo<\/strong><strong>: Tecnolog\u00eda Educativa<\/strong><\/p>\n<p>Cursos del diplomado:<\/p>\n<ul>\n<li>Fundamentos did\u00e1cticos de la Educaci\u00f3n Superior Cubana.<\/li>\n<li>Tecnolog\u00eda Educativa I<\/li>\n<li>Tecnolog\u00eda Educativa II<\/li>\n<li>El docente en la NUC<\/li>\n<li>Infotecnolog\u00eda<\/li>\n<li>Taller integrador<\/li>\n<li>Defensa de tesina<\/li>\n<\/ul>\n<p>Profesores Principales:<\/p>\n<ul>\n<li>Dra. Elsi Amalia Ferrer Carbonell (eferrer@ismm.edu.cu).<\/li>\n<li>Dr. C. Jos\u00e9 L. Montero O\u00b4farrill (jmontero@ismm.edu.cu).<\/li>\n<li>MSc. Rolando Gamboa Rodr\u00edguez (rgamboa@ismm.edu.cu).<\/li>\n<li>Dra. C. Tamara Azahares Fern\u00e1ndez (tazaharez@ismm.edu.cu).<\/li>\n<\/ul>\n<p>Modalidad: semipresencial<\/p>\n<p>Cr\u00e9ditos: 20<\/p>\n<p>Fecha: marzo \u2013 mayo<\/p>\n<p>Dirigido a: Adiestrados y Profesores.<\/p>\n<p><strong>T\u00edtulo: \u201cGesti\u00f3n de la investigaci\u00f3n, la ciencia y la tecnolog\u00eda\u201d<\/strong><\/p>\n<p>Coordinador: Dr.C. Juan Manuel Montero Pe\u00f1a (jmpena@ismm.edu.cu)<\/p>\n<p><strong>T\u00edtulo: \u201cGesti\u00f3n por progreso en la Universidad\u201d<\/strong><\/p>\n<p>Coordinador: Yordanis Torres Batista (ytbatista@ismm.edu.cu)<\/p>\n<p>[\/et_pb_toggle][et_pb_toggle title=\u00bbEspecialidades\u00bb _builder_version=\u00bb4.0.11&#8243;][\/et_pb_toggle][et_pb_toggle title=\u00bbEntrenamientos\u00bb _builder_version=\u00bb4.0.11&#8243;][\/et_pb_toggle][\/et_pb_column][\/et_pb_row][\/et_pb_section][et_pb_section fb_built=\u00bb1&#8243; _builder_version=\u00bb4.0.11&#8243; background_image=\u00bbhttps:\/\/www.ismm.edu.cu\/wp-content\/uploads\/2020\/01\/coding-background-texture.jpg\u00bb custom_padding=\u00bb17px|||||\u00bb][et_pb_row _builder_version=\u00bb4.0.11&#8243; background_color=\u00bbrgba(79,62,62,0)\u00bb background_enable_image=\u00bboff\u00bb custom_margin=\u00bb168px||||false|false\u00bb custom_padding=\u00bb0px|||||\u00bb animation_style=\u00bbzoom\u00bb animation_direction=\u00bbbottom\u00bb animation_intensity_zoom=\u00bb6%\u00bb saved_tabs=\u00bball\u00bb locked=\u00bboff\u00bb][et_pb_column type=\u00bb4_4&#8243; _builder_version=\u00bb3.25&#8243; custom_padding=\u00bb|||\u00bb custom_padding__hover=\u00bb|||\u00bb][et_pb_text _builder_version=\u00bb4.0.11&#8243; text_font=\u00bb||||||||\u00bb header_font=\u00bb||||||||\u00bb header_2_font=\u00bb||||||||\u00bb header_2_text_color=\u00bb#ffffff\u00bb header_2_font_size=\u00bb36px\u00bb header_2_line_height=\u00bb1.3em\u00bb text_orientation=\u00bbcenter\u00bb background_layout=\u00bbdark\u00bb max_width=\u00bb530px\u00bb module_alignment=\u00bbcenter\u00bb custom_padding=\u00bb|||\u00bb locked=\u00bboff\u00bb header_font_size__hover=\u00bb30px\u00bb header_font_size__hover_enabled=\u00bb30px\u00bb header_letter_spacing__hover=\u00bb0px\u00bb header_letter_spacing__hover_enabled=\u00bb0px\u00bb header_text_shadow_style__hover=\u00bbnone\u00bb header_text_shadow_style__hover_enabled=\u00bbnone\u00bb header_text_shadow_color__hover=\u00bbrgba(0,0,0,0.4)\u00bb header_text_shadow_color__hover_enabled=\u00bbrgba(0,0,0,0.4)\u00bb]<\/p>\n<h2>Cont\u00e1ctenos<\/h2>\n<p>[\/et_pb_text][et_pb_divider color=\u00bb#09e1c0&#8243; divider_weight=\u00bb4px\u00bb disabled_on=\u00bbon|on|off\u00bb _builder_version=\u00bb3.2&#8243; background_size=\u00bbinitial\u00bb background_position=\u00bbtop_left\u00bb background_repeat=\u00bbrepeat\u00bb max_width=\u00bb40px\u00bb module_alignment=\u00bbcenter\u00bb custom_margin=\u00bb||10px|\u00bb animation_style=\u00bbzoom\u00bb animation_direction=\u00bbleft\u00bb locked=\u00bboff\u00bb][\/et_pb_divider][et_pb_text _builder_version=\u00bb4.2.2&#8243; text_font=\u00bb|300|||||||\u00bb text_text_color=\u00bb#ffffff\u00bb text_font_size=\u00bb16px\u00bb text_line_height=\u00bb1.9em\u00bb text_orientation=\u00bbcenter\u00bb background_layout=\u00bbdark\u00bb max_width=\u00bb540px\u00bb module_alignment=\u00bbcenter\u00bb custom_padding=\u00bb||4px|||\u00bb locked=\u00bboff\u00bb]<\/p>\n<div class=\"textwidget\">\n<div style=\"text-align: center;\" align=\"justify\">\u00a0Avenida Calixto Garc\u00eda I\u00f1iguez #15 entre\u00a0 Av. 7 de Diciembre y Calle Reynaldo Laffita Rueda, Rpto Caribe, Moa, Holgu\u00edn. cp:83330<br \/>\u00a0+53 24604214<br \/><span>\u00a0<\/span>webmaster@ismm.edu.cu<\/div>\n<\/div>\n<p>[\/et_pb_text][\/et_pb_column][\/et_pb_row][\/et_pb_section]<\/p>\n","protected":false},"excerpt":{"rendered":"<p>Postgrado La Universidad de Moa Dr. Antonio N\u00fa\u00f1ez Jim\u00e9nez, ofrece el\u00a0PLAN DE POSGRADO DEL A\u00d1O 2016\u00a0a partir de necesidades de superaci\u00f3n de las empresas del territorio y del pa\u00eds, organismos, gobiernos, entidades y otras instituciones de la producci\u00f3n y los servicios, a fin de promover la educaci\u00f3n permanente de los profesionales de manera que est\u00e9n [&hellip;]<\/p>\n","protected":false},"author":10,"featured_media":0,"parent":0,"menu_order":0,"comment_status":"closed","ping_status":"closed","template":"","meta":{"_et_pb_use_builder":"on","_et_pb_old_content":"","_et_gb_content_width":"","footnotes":""},"class_list":["post-2027","page","type-page","status-publish","hentry"],"_links":{"self":[{"href":"https:\/\/www.ismm.edu.cu\/index.php\/wp-json\/wp\/v2\/pages\/2027"}],"collection":[{"href":"https:\/\/www.ismm.edu.cu\/index.php\/wp-json\/wp\/v2\/pages"}],"about":[{"href":"https:\/\/www.ismm.edu.cu\/index.php\/wp-json\/wp\/v2\/types\/page"}],"author":[{"embeddable":true,"href":"https:\/\/www.ismm.edu.cu\/index.php\/wp-json\/wp\/v2\/users\/10"}],"replies":[{"embeddable":true,"href":"https:\/\/www.ismm.edu.cu\/index.php\/wp-json\/wp\/v2\/comments?post=2027"}],"version-history":[{"count":3,"href":"https:\/\/www.ismm.edu.cu\/index.php\/wp-json\/wp\/v2\/pages\/2027\/revisions"}],"predecessor-version":[{"id":2926,"href":"https:\/\/www.ismm.edu.cu\/index.php\/wp-json\/wp\/v2\/pages\/2027\/revisions\/2926"}],"wp:attachment":[{"href":"https:\/\/www.ismm.edu.cu\/index.php\/wp-json\/wp\/v2\/media?parent=2027"}],"curies":[{"name":"wp","href":"https:\/\/api.w.org\/{rel}","templated":true}]}}